3). Suppose g*p = -6*p + f. What is the units digit of p?
7
Let c(q) = -2*q**3 + 59*q**2 - 29*q - 1. Let d be c(29). What is the tens digit of (0 - d)/(1/49)?
4
Suppose -w - 835 = -h + 530, h - 1353 = 4*w. What is the thousands digit of h?
1
What is the thousands digit of 77/(7/(-1)) + 1575?
1
Let m = -20462 - -2775. Suppose -4*s - 7 + 11 = 5*o, -3*o = 3*s. What is the units digit of m/(-69) + s/(-6)?
7
Suppose -w - 14 = 2*w - 5*s, -w + s - 2 = 0. Suppose -16*p + 17*p - 2*k = 298, -5*p = -w*k - 1466. What is the hundreds digit of p?
2
Let l = -28764 - -120051. What is the units digit of l?
7
Suppose 4*p - 83 = -11. Let l be (-58)/p - 3/(-27)*2. Let f(d) = 5*d**2 - 2. What is the units digit of f(l)?
3
Suppose -2*n - 9513 = 5*d - 37137, 0 = 2*n + 16. What is the tens digit of d?
2
What is the hundreds digit of 2/5 + 357266/35 - (-80)/20?
2
Let x = -975 - -495. Let b = x + 693. What is the hundreds digit of b?
2
Let v(r) = 3*r + 8. Let p be v(7). Let f = 373 + -371. Suppose -3*s - p - 248 = -f*h, -5*h + 660 = -s. What is the units digit of h?
1
Let x(r) = r**3 - 13*r**2 + 15*r - 23. Let i be x(5). Let u = 19 - i. What is the hundreds digit of u?
1
Let p = -121 - -123. Suppose p*w - 1253 = 5*x, -3*x + 6 = 21. What is the hundreds digit of w?
6
Suppose -17*z - 95*z + 182781 + 512851 = 0. What is the thousands digit of z?
6
Let h(m) = -m**3 + m**2 + 3*m - 3. Let k be h(2). What is the tens digit of (-4867)/(-31) + -2*k/2?
5
Suppose -4*d + 70869 = 3*u, 22*u - 70839 = 19*u + d. What is the thousands digit of u?
3
Let k(s) = s**3 + 7*s**2 + 12*s + 16. Let t be k(-5). Suppose t*q - q - y = 2936, 0 = 4*q + 2*y - 2360. What is the hundreds digit of q?
5
Let i(u) = 4*u + 19. Let z be i(-5). Let r be (7/(-105)*-9)/(z/(-5)). Suppose -19*s = -r*s - 1712. What is the hundreds digit of s?
1
Suppose 5*q + h + 45 = 3*q, -q + 3*h - 26 = 0. What is the tens digit of (q + 41)*(-4)/(-3)?
2
Let b(f) = 5*f**3 + 4*f**2 - 3*f + 6. Let t be b(6). Suppose -2*p - t = -6*p. Suppose 3*w + 90 = p. What is the tens digit of w?
7
Suppose -6*l = -25 + 13. Let d(t) = -5 + 6*t - 5 + 5 + 3 + l*t**2. What is the tens digit of d(-9)?
0
Let i(r) = 116*r**3 + 2*r**2 - r + 3. Let v be (-76)/(-36) + 4/(-36). What is the hundreds digit of i(v)?
9
Let a(m) be the first derivative of -m**4/4 - 2*m**3/3 - 5*m**2 - 19*m + 39. Suppose -4*n = -p + 18, -4*p = 4*n - 0*p + 28. What is the tens digit of a(n)?
0
Suppose 0 = 54*n - 216483 - 79275. What is the tens digit of n?
7
Let s(j) = -j + 2. Let x be s(-2). Suppose -3*n - 3 = -x*n. Suppose -n*v + 119 + 109 = 0. What is the tens digit of v?
7
Let s(n) = 2*n**2 - 11*n - 6. Let z = 0 + 10. Let l be s(z). Let k = l + -25. What is the tens digit of k?
5
Let v(y) = 2*y - 3. Let d be v(4). Let o(a) be the first derivative of 2*a**3/3 + a**2/2 + 3*a - 469. What is the tens digit of o(d)?
5
Let p(d) = d**3 + 5*d**2 + 3*d + 1. Let n be p(-3). Let k(y) = -y**3 + 11*y**2 - 14*y + 9. Let x be k(n). Let u = x - -149. What is the units digit of u?
8
Suppose -123097 = -8*s - 43185. What is the hundreds digit of s?
9
Suppose 75*h - 158*h = -171976. What is the units digit of h?
2
What is the tens digit of 129/86*119694/3?
4
Let x(z) = 3*z - 10. Let n(f) = 16*f - 50. Let g(v) = -2*n(v) + 11*x(v). Suppose -3*t + 5*y + 39 = 10*y, 2*t - y - 39 = 0. What is the units digit of g(t)?
8
Suppose -x + 1506 = x + 4*f, f + 1501 = 2*x. Let h = x + -397. What is the hundreds digit of h?
3
Let g(i) = -2*i + 9. Let r be g(3). Suppose -2*h = -r*x - x + 146, 5*x = 15. Let v = h + 148. What is the tens digit of v?
8
Let j be 33890/12 - 375/(-450). Suppose -4*a + j = 5*s, -1695 = -3*s + 9*a - 8*a. What is the tens digit of s?
6
Suppose 0 = i + 991 - 113. What is the tens digit of i/(-5) + -11 + (-342)/(-30)?
7
Let a(c) = -c**3 + 16*c**2 - c + 29. Let v be a(16). Suppose -3*b - v*b + 8144 = 0. What is the units digit of b?
9
What is the thousands digit of (2*5)/((-12)/26 - 280805/(-607425))?
3
What is the tens digit of (-418)/114*(6 - 3)*(-4326 + -1)?
9
Let d(b) = -46*b - 2 - 6 - 2 + 3 + 6*b. What is the tens digit of d(-5)?
9
Suppose -2*b - 4*y = b - 55, -2*b + 3*y + 31 = 0. Suppose -g - 7*l = -2*l - b, -4*l + 18 = 3*g. What is the units digit of (g - 7)/(7/(-70))?
0
Let l = 38 - 36. Let a be -8 - -11 - l*-4. Let o(y) = 12*y - 25. What is the hundreds digit of o(a)?
1
Let r = 4 - -199. Suppose -201*f - 694 = -r*f. What is the units digit of f?
7
Suppose 239*m + 4*r = 243*m + 148, 2*r + 106 = -3*m. Let y = -26 - -88. Let g = m + y. What is the tens digit of g?
2
What is the hundreds digit of (-436833)/(-63)*2 - 4/(-14)?
8
Let h = -115 - -207. Suppose -78 = 5*p + h. What is the units digit of (((-40)/(-6))/(-1))/(p/561)?
0
Let r be (4/6)/(2/9) + 0. Suppose 4*g + 40 = -5*m, 2 + 25 = -g + r*m. Let x = 21 + g. What is the units digit of x?
6
Let c be 2 - (-188 + 2 + -2). Let r = 1066 + -730. Let q = r - c. What is the units digit of q?
6
Suppose 18*u - 17*u + 3*i - 984 = 0, 5*i = 0. What is the units digit of ((-15)/12)/((-3)/u)?
0
Suppose 15*l = 34*l - 10*l - 34857. What is the units digit of l?
3
Let x(b) be the third derivative of b**4/6 + 137*b**3/3 - 81*b**2. What is the tens digit of x(0)?
7
Suppose 24*n - 162 = 5*r + 21*n, -3*n - 135 = 4*r. Suppose j + 2 = -3*c + 10, 0 = -2*j - 4*c + 8. What is the units digit of 30/j*88/r?
0
Suppose 7003 = o - 8758. What is the units digit of o?
1
Suppose 2*q + 21486 = -3*l + 201713, 4*l + q - 240311 = 0. What is the thousands digit of l?
0
Let a(r) = r**2 - 22*r + 125. Let b be a(13). Suppose -11372 + 1324 = -b*j. What is the hundreds digit of j?
2
Let q = -250 + 358. Let w = -89 + 173. Suppose -2*b + q = -w. What is the units digit of b?
6
Suppose 4*i = 2*r + 23714, 2*r + 4 = 6*r. Suppose i = 15*a - 4*a. What is the hundreds digit of a?
5
Let s be 2229/9 + 3 + 12/(-18). Suppose 3*o - 4*b - 1083 = 0, o + 5*b = s + 92. What is the tens digit of o?
5
Suppose 30*g - 35*g - 2*f = -23452, g - 4692 = -2*f. What is the tens digit of g?
9
Let q = -42928 - -43971. What is the thousands digit of q?
1
Suppose -4*l + 16 = 8. Suppose 0 = 4*z - y - 21, l*z = 5*y - y + 28. Suppose 0 = -2*x - x - h + 601, -z*x + 2*h + 818 = 0. What is the hundreds digit of x?
2
Suppose 3*j + 2*l - 18 = 0, 2*j - 11 = 2*l - 3*l. Suppose 0 = -3*k + 2*q + 31, -2*k + j*q = 2*k - 44. Let d(p) = -p**2 + 14*p. What is the units digit of d(k)?
5
Let q(g) = 10*g**2 - 1228*g - 230. What is the units digit of q(128)?
6
Let y(g) be the second derivative of -29*g**5/60 - 7*g**4/24 + g**3 - 22*g. Let l(m) be the second derivative of y(m). What is the tens digit of l(-4)?
2
What is the thousands digit of ((-4009)/95)/(4/(2 - 462))?
4
Suppose 0 = 7*o - 0 - 35. Suppose -2*i + 8 + 29 = -f, -o*f - 176 = -i. What is the units digit of 20/f - (-1047)/7?
9
Let u(q) = q**2 - 4*q - 4. Let r be (-2)/(-4) - (-3)/(-2) - -48. Let n = 44 - r. What is the units digit of u(n)?
7
Let c = -3852 - -5249. What is the thousands digit of c?
1
Suppose -6*a - 12723 = -17*a + 37657. What is the units digit of a?
0
Suppose 2228 + 25976 = 11*n. What is the tens digit of n?
6
Let k = -203 - -205. What is the units digit of k/(-6)*(-7 - 35)?
4
Let g(j) = -j**2 - 9*j + 10. Let y be g(3). Let f(a) = -59*a - 298. What is the units digit of f(y)?
6
Let j be ((-20)/(-7))/((-2)/(-7)). Suppose 1 + j = 4*t + k, 2*t - 4*k - 28 = 0. Suppose 3*p = -t*n + 234, -3*p = -p - n - 145. What is the tens digit of p?
7
Suppose -a - 218 + 49 = 0. Let x = 437 + a. Suppose 4*g - x = 4*l, l - 9 = -5*g + 296. What is the tens digit of g?
6
Let s(r) = 90*r**2 - 70*r - 32. What is the tens digit of s(-11)?
2
Suppose 3*f = -2*c + 20857, -5*f + 4*f + 52149 = 5*c. What is the tens digit of c?
3
Let s be 245/(-63) - (-1)/(-9). What is the tens digit of 10*-212*s/20?
2
What is the thousands digit of 87*(-17 - (-18550)/75)?
0
Let j(z) = 3*z - 4. Let b be j(8). What is the units digit of 1568/b - 3 - 6/15?
5
Suppose -65 = -c + 3*x + 106, 0 = 5*c + 5*x - 915. Let m = 253 + c. What is the tens digit of m?
3
Let g(y) = 2*y + 30. Let s be g(-6). What is the tens digit of s*(-6)/(-30)*75?
7
What is the thousands digit of (4/(-18) + (-5439)/(-54))*(-253300)/(-447)?
6
Let l be 35/(-245) + ((-21666)/(-7) - -1). Suppose 11988 = 19*g + l. What is the hundreds